{"id":123,"date":"2025-10-01T00:00:00","date_gmt":"2025-09-30T23:00:00","guid":{"rendered":"https:\/\/acphcelvas.com\/?page_id=123"},"modified":"2026-02-28T16:46:09","modified_gmt":"2026-02-28T16:46:09","slug":"inscricao-cicme-pt","status":"publish","type":"page","link":"https:\/\/acphcelvas.com\/index.php\/inscricao-cicme-pt\/","title":{"rendered":"Inscri\u00e7\u00e3o CICME \u2013 PT"},"content":{"rendered":"\n\n\n<p><\/p>\n","protected":false},"excerpt":{"rendered":"","protected":false},"author":1,"featured_media":0,"parent":0,"menu_order":0,"comment_status":"closed","ping_status":"closed","template":"","meta":{"iawp_total_views":134,"footnotes":""},"class_list":["post-123","page","type-page","status-publish","hentry"],"blocksy_meta":[],"yoast_head":"<!-- This site is optimized with the Yoast SEO plugin v27.5 - https:\/\/yoast.com\/product\/yoast-seo-wordpress\/ -->\n<title>Inscri\u00e7\u00e3o CICME \u2013 PT - Associa\u00e7\u00e3o Cultural P\u00fablia Hort\u00eansia de Castro de Elvas<\/title>\n<meta name=\"robots\" content=\"index, follow, max-snippet:-1, max-image-preview:large, max-video-preview:-1\" \/>\n<link rel=\"canonical\" href=\"https:\/\/acphcelvas.com\/index.php\/inscricao-cicme-pt\/\" \/>\n<meta property=\"og:locale\" content=\"pt_PT\" \/>\n<meta property=\"og:type\" content=\"article\" \/>\n<meta property=\"og:title\" content=\"Inscri\u00e7\u00e3o CICME \u2013 PT - Associa\u00e7\u00e3o Cultural P\u00fablia Hort\u00eansia de Castro de Elvas\" \/>\n<meta property=\"og:url\" content=\"https:\/\/acphcelvas.com\/index.php\/inscricao-cicme-pt\/\" \/>\n<meta property=\"og:site_name\" content=\"Associa\u00e7\u00e3o Cultural P\u00fablia Hort\u00eansia de Castro de Elvas\" \/>\n<meta property=\"article:modified_time\" content=\"2026-02-28T16:46:09+00:00\" \/>\n<meta name=\"twitter:card\" content=\"summary_large_image\" \/>\n<script type=\"application\/ld+json\" class=\"yoast-schema-graph\">{\"@context\":\"https:\\\/\\\/schema.org\",\"@graph\":[{\"@type\":\"WebPage\",\"@id\":\"https:\\\/\\\/acphcelvas.com\\\/index.php\\\/inscricao-cicme-pt\\\/\",\"url\":\"https:\\\/\\\/acphcelvas.com\\\/index.php\\\/inscricao-cicme-pt\\\/\",\"name\":\"Inscri\u00e7\u00e3o CICME \u2013 PT - Associa\u00e7\u00e3o Cultural P\u00fablia Hort\u00eansia de Castro de Elvas\",\"isPartOf\":{\"@id\":\"https:\\\/\\\/acphcelvas.com\\\/#website\"},\"datePublished\":\"2025-09-30T23:00:00+00:00\",\"dateModified\":\"2026-02-28T16:46:09+00:00\",\"breadcrumb\":{\"@id\":\"https:\\\/\\\/acphcelvas.com\\\/index.php\\\/inscricao-cicme-pt\\\/#breadcrumb\"},\"inLanguage\":\"pt-PT\",\"potentialAction\":[{\"@type\":\"ReadAction\",\"target\":[\"https:\\\/\\\/acphcelvas.com\\\/index.php\\\/inscricao-cicme-pt\\\/\"]}]},{\"@type\":\"BreadcrumbList\",\"@id\":\"https:\\\/\\\/acphcelvas.com\\\/index.php\\\/inscricao-cicme-pt\\\/#breadcrumb\",\"itemListElement\":[{\"@type\":\"ListItem\",\"position\":1,\"name\":\"In\u00edcio\",\"item\":\"https:\\\/\\\/acphcelvas.com\\\/\"},{\"@type\":\"ListItem\",\"position\":2,\"name\":\"Inscri\u00e7\u00e3o CICME \u2013 PT\"}]},{\"@type\":\"WebSite\",\"@id\":\"https:\\\/\\\/acphcelvas.com\\\/#website\",\"url\":\"https:\\\/\\\/acphcelvas.com\\\/\",\"name\":\"Associa\u00e7\u00e3o Cultural P\u00fablia Hort\u00eansia de Castro de Elvas\",\"description\":\"\",\"publisher\":{\"@id\":\"https:\\\/\\\/acphcelvas.com\\\/#organization\"},\"potentialAction\":[{\"@type\":\"SearchAction\",\"target\":{\"@type\":\"EntryPoint\",\"urlTemplate\":\"https:\\\/\\\/acphcelvas.com\\\/?s={search_term_string}\"},\"query-input\":{\"@type\":\"PropertyValueSpecification\",\"valueRequired\":true,\"valueName\":\"search_term_string\"}}],\"inLanguage\":\"pt-PT\"},{\"@type\":\"Organization\",\"@id\":\"https:\\\/\\\/acphcelvas.com\\\/#organization\",\"name\":\"Associa\u00e7\u00e3o Cultural P\u00fablia Hort\u00eansia de Castro de Elvas\",\"url\":\"https:\\\/\\\/acphcelvas.com\\\/\",\"logo\":{\"@type\":\"ImageObject\",\"inLanguage\":\"pt-PT\",\"@id\":\"https:\\\/\\\/acphcelvas.com\\\/#\\\/schema\\\/logo\\\/image\\\/\",\"url\":\"https:\\\/\\\/acphcelvas.com\\\/wp-content\\\/uploads\\\/2025\\\/08\\\/cropped-logo-associacao-cphc-01-scaled-1.png\",\"contentUrl\":\"https:\\\/\\\/acphcelvas.com\\\/wp-content\\\/uploads\\\/2025\\\/08\\\/cropped-logo-associacao-cphc-01-scaled-1.png\",\"width\":512,\"height\":512,\"caption\":\"Associa\u00e7\u00e3o Cultural P\u00fablia Hort\u00eansia de Castro de Elvas\"},\"image\":{\"@id\":\"https:\\\/\\\/acphcelvas.com\\\/#\\\/schema\\\/logo\\\/image\\\/\"}}]}<\/script>\n<!-- \/ Yoast SEO plugin. -->","yoast_head_json":{"title":"Inscri\u00e7\u00e3o CICME \u2013 PT - Associa\u00e7\u00e3o Cultural P\u00fablia Hort\u00eansia de Castro de Elvas","robots":{"index":"index","follow":"follow","max-snippet":"max-snippet:-1","max-image-preview":"max-image-preview:large","max-video-preview":"max-video-preview:-1"},"canonical":"https:\/\/acphcelvas.com\/index.php\/inscricao-cicme-pt\/","og_locale":"pt_PT","og_type":"article","og_title":"Inscri\u00e7\u00e3o CICME \u2013 PT - Associa\u00e7\u00e3o Cultural P\u00fablia Hort\u00eansia de Castro de Elvas","og_url":"https:\/\/acphcelvas.com\/index.php\/inscricao-cicme-pt\/","og_site_name":"Associa\u00e7\u00e3o Cultural P\u00fablia Hort\u00eansia de Castro de Elvas","article_modified_time":"2026-02-28T16:46:09+00:00","twitter_card":"summary_large_image","schema":{"@context":"https:\/\/schema.org","@graph":[{"@type":"WebPage","@id":"https:\/\/acphcelvas.com\/index.php\/inscricao-cicme-pt\/","url":"https:\/\/acphcelvas.com\/index.php\/inscricao-cicme-pt\/","name":"Inscri\u00e7\u00e3o CICME \u2013 PT - Associa\u00e7\u00e3o Cultural P\u00fablia Hort\u00eansia de Castro de Elvas","isPartOf":{"@id":"https:\/\/acphcelvas.com\/#website"},"datePublished":"2025-09-30T23:00:00+00:00","dateModified":"2026-02-28T16:46:09+00:00","breadcrumb":{"@id":"https:\/\/acphcelvas.com\/index.php\/inscricao-cicme-pt\/#breadcrumb"},"inLanguage":"pt-PT","potentialAction":[{"@type":"ReadAction","target":["https:\/\/acphcelvas.com\/index.php\/inscricao-cicme-pt\/"]}]},{"@type":"BreadcrumbList","@id":"https:\/\/acphcelvas.com\/index.php\/inscricao-cicme-pt\/#breadcrumb","itemListElement":[{"@type":"ListItem","position":1,"name":"In\u00edcio","item":"https:\/\/acphcelvas.com\/"},{"@type":"ListItem","position":2,"name":"Inscri\u00e7\u00e3o CICME \u2013 PT"}]},{"@type":"WebSite","@id":"https:\/\/acphcelvas.com\/#website","url":"https:\/\/acphcelvas.com\/","name":"Associa\u00e7\u00e3o Cultural P\u00fablia Hort\u00eansia de Castro de Elvas","description":"","publisher":{"@id":"https:\/\/acphcelvas.com\/#organization"},"potentialAction":[{"@type":"SearchAction","target":{"@type":"EntryPoint","urlTemplate":"https:\/\/acphcelvas.com\/?s={search_term_string}"},"query-input":{"@type":"PropertyValueSpecification","valueRequired":true,"valueName":"search_term_string"}}],"inLanguage":"pt-PT"},{"@type":"Organization","@id":"https:\/\/acphcelvas.com\/#organization","name":"Associa\u00e7\u00e3o Cultural P\u00fablia Hort\u00eansia de Castro de Elvas","url":"https:\/\/acphcelvas.com\/","logo":{"@type":"ImageObject","inLanguage":"pt-PT","@id":"https:\/\/acphcelvas.com\/#\/schema\/logo\/image\/","url":"https:\/\/acphcelvas.com\/wp-content\/uploads\/2025\/08\/cropped-logo-associacao-cphc-01-scaled-1.png","contentUrl":"https:\/\/acphcelvas.com\/wp-content\/uploads\/2025\/08\/cropped-logo-associacao-cphc-01-scaled-1.png","width":512,"height":512,"caption":"Associa\u00e7\u00e3o Cultural P\u00fablia Hort\u00eansia de Castro de Elvas"},"image":{"@id":"https:\/\/acphcelvas.com\/#\/schema\/logo\/image\/"}}]}},"_links":{"self":[{"href":"https:\/\/acphcelvas.com\/index.php\/wp-json\/wp\/v2\/pages\/123","targetHints":{"allow":["GET"]}}],"collection":[{"href":"https:\/\/acphcelvas.com\/index.php\/wp-json\/wp\/v2\/pages"}],"about":[{"href":"https:\/\/acphcelvas.com\/index.php\/wp-json\/wp\/v2\/types\/page"}],"author":[{"embeddable":true,"href":"https:\/\/acphcelvas.com\/index.php\/wp-json\/wp\/v2\/users\/1"}],"replies":[{"embeddable":true,"href":"https:\/\/acphcelvas.com\/index.php\/wp-json\/wp\/v2\/comments?post=123"}],"version-history":[{"count":4,"href":"https:\/\/acphcelvas.com\/index.php\/wp-json\/wp\/v2\/pages\/123\/revisions"}],"predecessor-version":[{"id":473,"href":"https:\/\/acphcelvas.com\/index.php\/wp-json\/wp\/v2\/pages\/123\/revisions\/473"}],"wp:attachment":[{"href":"https:\/\/acphcelvas.com\/index.php\/wp-json\/wp\/v2\/media?parent=123"}],"curies":[{"name":"wp","href":"https:\/\/api.w.org\/{rel}","templated":true}]}}

Inscrição CICME – PT

<!-- This site is optimized with the Yoast SEO plugin v27.5 - https://yoast.com/product/yoast-seo-wordpress/ -->
<title>Inscrição CICME – PT - Associação Cultural Públia Hortênsia de Castro de Elvas</title>
<meta name="robots" content="index, follow, max-snippet:-1, max-image-preview:large, max-video-preview:-1" />
<link rel="canonical" href="https://acphcelvas.com/index.php/inscricao-cicme-pt/" />
<meta property="og:locale" content="pt_PT" />
<meta property="og:type" content="article" />
<meta property="og:title" content="Inscrição CICME – PT - Associação Cultural Públia Hortênsia de Castro de Elvas" />
<meta property="og:url" content="https://acphcelvas.com/index.php/inscricao-cicme-pt/" />
<meta property="og:site_name" content="Associação Cultural Públia Hortênsia de Castro de Elvas" />
<meta property="article:modified_time" content="2026-02-28T16:46:09+00:00" />
<meta name="twitter:card" content="summary_large_image" />
<script type="application/ld+json" class="yoast-schema-graph">{"@context":"https:\/\/schema.org","@graph":[{"@type":"WebPage","@id":"https:\/\/acphcelvas.com\/index.php\/inscricao-cicme-pt\/","url":"https:\/\/acphcelvas.com\/index.php\/inscricao-cicme-pt\/","name":"Inscrição CICME – PT - Associação Cultural Públia Hortênsia de Castro de Elvas","isPartOf":{"@id":"https:\/\/acphcelvas.com\/#website"},"datePublished":"2025-09-30T23:00:00+00:00","dateModified":"2026-02-28T16:46:09+00:00","breadcrumb":{"@id":"https:\/\/acphcelvas.com\/index.php\/inscricao-cicme-pt\/#breadcrumb"},"inLanguage":"pt-PT","potentialAction":[{"@type":"ReadAction","target":["https:\/\/acphcelvas.com\/index.php\/inscricao-cicme-pt\/"]}]},{"@type":"BreadcrumbList","@id":"https:\/\/acphcelvas.com\/index.php\/inscricao-cicme-pt\/#breadcrumb","itemListElement":[{"@type":"ListItem","position":1,"name":"Início","item":"https:\/\/acphcelvas.com\/"},{"@type":"ListItem","position":2,"name":"Inscrição CICME – PT"}]},{"@type":"WebSite","@id":"https:\/\/acphcelvas.com\/#website","url":"https:\/\/acphcelvas.com\/","name":"Associação Cultural Públia Hortênsia de Castro de Elvas","description":"","publisher":{"@id":"https:\/\/acphcelvas.com\/#organization"},"potentialAction":[{"@type":"SearchAction","target":{"@type":"EntryPoint","urlTemplate":"https:\/\/acphcelvas.com\/?s={search_term_string}"},"query-input":{"@type":"PropertyValueSpecification","valueRequired":true,"valueName":"search_term_string"}}],"inLanguage":"pt-PT"},{"@type":"Organization","@id":"https:\/\/acphcelvas.com\/#organization","name":"Associação Cultural Públia Hortênsia de Castro de Elvas","url":"https:\/\/acphcelvas.com\/","logo":{"@type":"ImageObject","inLanguage":"pt-PT","@id":"https:\/\/acphcelvas.com\/#\/schema\/logo\/image\/","url":"https:\/\/acphcelvas.com\/wp-content\/uploads\/2025\/08\/cropped-logo-associacao-cphc-01-scaled-1.png","contentUrl":"https:\/\/acphcelvas.com\/wp-content\/uploads\/2025\/08\/cropped-logo-associacao-cphc-01-scaled-1.png","width":512,"height":512,"caption":"Associação Cultural Públia Hortênsia de Castro de Elvas"},"image":{"@id":"https:\/\/acphcelvas.com\/#\/schema\/logo\/image\/"}}]}</script>
<!-- / Yoast SEO plugin. -->

Inscrição CICME – PT - Associação Cultural Públia Hortênsia de Castro de Elvas

Associação Cultural Públia Hortênsia de Castro de Elvas

Início
